{"id":12,"date":"2022-01-19T18:03:27","date_gmt":"2022-01-19T18:03:27","guid":{"rendered":"http:\/\/moulindesmarionnettes.com\/index.php\/services\/"},"modified":"2022-01-25T00:26:41","modified_gmt":"2022-01-25T00:26:41","slug":"nos-spectacles","status":"publish","type":"page","link":"https:\/\/moulindesmarionnettes.com\/index.php\/nos-spectacles\/","title":{"rendered":"Nos spectacles"},"content":{"rendered":"\n<div class=\"wp-block-cover alignfull has-ast-global-color-0-background-color has-background-dim\" style=\"min-height:100px;aspect-ratio:unset;\"><div class=\"wp-block-cover__inner-container is-layout-flow wp-block-cover-is-layout-flow\">\n<h1 class=\"has-white-color has-text-color wp-block-heading\"><br>Nos spectacles<\/h1>\n<\/div><\/div>\n\n\n\n<div class=\"wp-block-group alignfull has-ast-global-color-5-background-color has-background is-layout-flow wp-block-group-is-layout-flow\">\n<div class=\"wp-block-columns alignwide is-layout-flex wp-container-core-columns-is-layout-28f84493 wp-block-columns-is-layout-flex\">\n<div class=\"wp-block-column is-layout-flow wp-block-column-is-layout-flow\">\n<figure class=\"wp-block-image size-large is-resized\"><img loading=\"lazy\" decoding=\"async\" src=\"https:\/\/moulindesmarionnettes.com\/wp-content\/uploads\/2022\/01\/2-lecuyer-du-chat-botte-1024x768.jpg\" alt=\"\" class=\"wp-image-295\" width=\"459\" height=\"344\" srcset=\"https:\/\/moulindesmarionnettes.com\/wp-content\/uploads\/2022\/01\/2-lecuyer-du-chat-botte-1024x768.jpg 1024w, https:\/\/moulindesmarionnettes.com\/wp-content\/uploads\/2022\/01\/2-lecuyer-du-chat-botte-300x225.jpg 300w, https:\/\/moulindesmarionnettes.com\/wp-content\/uploads\/2022\/01\/2-lecuyer-du-chat-botte-768x576.jpg 768w, https:\/\/moulindesmarionnettes.com\/wp-content\/uploads\/2022\/01\/2-lecuyer-du-chat-botte-1536x1152.jpg 1536w, https:\/\/moulindesmarionnettes.com\/wp-content\/uploads\/2022\/01\/2-lecuyer-du-chat-botte-2048x1536.jpg 2048w\" sizes=\"auto, (max-width: 459px) 100vw, 459px\" \/><\/figure>\n\n\n\n<div class=\"wp-block-columns is-layout-flex wp-container-core-columns-is-layout-28f84493 wp-block-columns-is-layout-flex\">\n<div class=\"wp-block-column is-layout-flow wp-block-column-is-layout-flow\">\n<p style=\"font-size:21px\"><strong>l&#8217;Ecuyer du Chat Bott\u00e9<\/strong><\/p>\n<\/div>\n<\/div>\n\n\n\n<p style=\"font-size:18px\"><strong>Pour \u00e9pouser une princesse, Ferdinand est pr\u00eat \u00e0 devenir chevalier. Seulement, il ne s\u2019est jamais servi d\u2019une \u00e9p\u00e9e\u2026<\/strong><\/p>\n<\/div>\n\n\n\n<div class=\"wp-block-column is-layout-flow wp-block-column-is-layout-flow\">\n<figure class=\"wp-block-image size-large is-resized\"><img loading=\"lazy\" decoding=\"async\" src=\"https:\/\/moulindesmarionnettes.com\/wp-content\/uploads\/2022\/01\/2-princesse-Grisemine-dans-Princesse-Grisemine-768x1024.jpg\" alt=\"\" class=\"wp-image-297\" width=\"351\" height=\"467\" srcset=\"https:\/\/moulindesmarionnettes.com\/wp-content\/uploads\/2022\/01\/2-princesse-Grisemine-dans-Princesse-Grisemine-768x1024.jpg 768w, https:\/\/moulindesmarionnettes.com\/wp-content\/uploads\/2022\/01\/2-princesse-Grisemine-dans-Princesse-Grisemine-225x300.jpg 225w, https:\/\/moulindesmarionnettes.com\/wp-content\/uploads\/2022\/01\/2-princesse-Grisemine-dans-Princesse-Grisemine-1152x1536.jpg 1152w, https:\/\/moulindesmarionnettes.com\/wp-content\/uploads\/2022\/01\/2-princesse-Grisemine-dans-Princesse-Grisemine-1536x2048.jpg 1536w, https:\/\/moulindesmarionnettes.com\/wp-content\/uploads\/2022\/01\/2-princesse-Grisemine-dans-Princesse-Grisemine-scaled.jpg 1920w\" sizes=\"auto, (max-width: 351px) 100vw, 351px\" \/><\/figure>\n\n\n\n<h4 class=\"wp-block-heading\">Princesse Grisemine<\/h4>\n\n\n\n<p style=\"font-size:18px\"><strong>Grisemine aimerait bien faire plaisir \u00e0 sa m\u00e8re, la reine Rouge, mais elle r\u00eave d\u2019aventure\u2026<\/strong><\/p>\n<\/div>\n\n\n\n<div class=\"wp-block-column is-layout-flow wp-block-column-is-layout-flow\">\n<figure class=\"wp-block-image size-full is-resized\"><img loading=\"lazy\" decoding=\"async\" src=\"https:\/\/moulindesmarionnettes.com\/wp-content\/uploads\/2022\/01\/2-king-kong.jpg\" alt=\"\" class=\"wp-image-298\" width=\"320\" height=\"430\" srcset=\"https:\/\/moulindesmarionnettes.com\/wp-content\/uploads\/2022\/01\/2-king-kong.jpg 720w, https:\/\/moulindesmarionnettes.com\/wp-content\/uploads\/2022\/01\/2-king-kong-223x300.jpg 223w\" sizes=\"auto, (max-width: 320px) 100vw, 320px\" \/><\/figure>\n\n\n\n<h4 class=\"wp-block-heading\"><strong>King-Kong<\/strong> : <strong>une escapade au pays des croustades<\/strong><\/h4>\n\n\n\n<p style=\"font-size:18px\"><strong>Une com\u00e9die musicale digne de Broadway\u2026<\/strong><\/p>\n<\/div>\n<\/div>\n<\/div>\n\n\n\n<p><\/p>\n","protected":false},"excerpt":{"rendered":"<p>l&#8217;Ecuyer du Chat Bott\u00e9 Pour \u00e9pouser une princesse, Ferdinand est pr\u00eat \u00e0 devenir chevalier. Seulement, il ne s\u2019est jamais servi d\u2019une \u00e9p\u00e9e\u2026 Princesse Grisemine Grisemine aimerait bien faire plaisir \u00e0 sa m\u00e8re, la reine Rouge, mais elle r\u00eave d\u2019aventure\u2026 King-Kong : une escapade au pays des croustades Une com\u00e9die musicale digne de Broadway\u2026<\/p>\n","protected":false},"author":1,"featured_media":0,"parent":0,"menu_order":0,"comment_status":"closed","ping_status":"closed","template":"","meta":{"om_disable_all_campaigns":false,"_monsterinsights_skip_tracking":false,"_monsterinsights_sitenote_active":false,"_monsterinsights_sitenote_note":"","_monsterinsights_sitenote_category":0,"site-sidebar-layout":"no-sidebar","site-content-layout":"plain-container","ast-site-content-layout":"default","site-content-style":"default","site-sidebar-style":"default","ast-global-header-display":"","ast-banner-title-visibility":"","ast-main-header-display":"","ast-hfb-above-header-display":"","ast-hfb-below-header-display":"","ast-hfb-mobile-header-display":"","site-post-title":"disabled","ast-breadcrumbs-content":"","ast-featured-img":"","footer-sml-layout":"","ast-disable-related-posts":"","theme-transparent-header-meta":"enabled","adv-header-id-meta":"","stick-header-meta":"","header-above-stick-meta":"","header-main-stick-meta":"","header-below-stick-meta":"","astra-migrate-meta-layouts":"default","ast-page-background-enabled":"default","ast-page-background-meta":{"desktop":{"background-color":"var(--ast-global-color-4)","background-image":"","background-repeat":"repeat","background-position":"center center","background-size":"auto","background-attachment":"scroll","background-type":"","background-media":"","overlay-type":"","overlay-color":"","overlay-opacity":"","overlay-gradient":""},"tablet":{"background-color":"","background-image":"","background-repeat":"repeat","background-position":"center center","background-size":"auto","background-attachment":"scroll","background-type":"","background-media":"","overlay-type":"","overlay-color":"","overlay-opacity":"","overlay-gradient":""},"mobile":{"background-color":"","background-image":"","background-repeat":"repeat","background-position":"center center","background-size":"auto","background-attachment":"scroll","background-type":"","background-media":"","overlay-type":"","overlay-color":"","overlay-opacity":"","overlay-gradient":""}},"ast-content-background-meta":{"desktop":{"background-color":"var(--ast-global-color-5)","background-image":"","background-repeat":"repeat","background-position":"center center","background-size":"auto","background-attachment":"scroll","background-type":"","background-media":"","overlay-type":"","overlay-color":"","overlay-opacity":"","overlay-gradient":""},"tablet":{"background-color":"var(--ast-global-color-5)","background-image":"","background-repeat":"repeat","background-position":"center center","background-size":"auto","background-attachment":"scroll","background-type":"","background-media":"","overlay-type":"","overlay-color":"","overlay-opacity":"","overlay-gradient":""},"mobile":{"background-color":"var(--ast-global-color-5)","background-image":"","background-repeat":"repeat","background-position":"center center","background-size":"auto","background-attachment":"scroll","background-type":"","background-media":"","overlay-type":"","overlay-color":"","overlay-opacity":"","overlay-gradient":""}},"footnotes":""},"class_list":["post-12","page","type-page","status-publish","hentry"],"aioseo_notices":[],"_links":{"self":[{"href":"https:\/\/moulindesmarionnettes.com\/index.php\/wp-json\/wp\/v2\/pages\/12","targetHints":{"allow":["GET"]}}],"collection":[{"href":"https:\/\/moulindesmarionnettes.com\/index.php\/wp-json\/wp\/v2\/pages"}],"about":[{"href":"https:\/\/moulindesmarionnettes.com\/index.php\/wp-json\/wp\/v2\/types\/page"}],"author":[{"embeddable":true,"href":"https:\/\/moulindesmarionnettes.com\/index.php\/wp-json\/wp\/v2\/users\/1"}],"replies":[{"embeddable":true,"href":"https:\/\/moulindesmarionnettes.com\/index.php\/wp-json\/wp\/v2\/comments?post=12"}],"version-history":[{"count":15,"href":"https:\/\/moulindesmarionnettes.com\/index.php\/wp-json\/wp\/v2\/pages\/12\/revisions"}],"predecessor-version":[{"id":398,"href":"https:\/\/moulindesmarionnettes.com\/index.php\/wp-json\/wp\/v2\/pages\/12\/revisions\/398"}],"wp:attachment":[{"href":"https:\/\/moulindesmarionnettes.com\/index.php\/wp-json\/wp\/v2\/media?parent=12"}],"curies":[{"name":"wp","href":"https:\/\/api.w.org\/{rel}","templated":true}]}}